git of 21472824?
4
What is the hundreds digit of 163007?
0
What is the millions digit of 3952100?
3
What is the ten thousands digit of 244355?
4
What is the hundreds digit of 530532?
5
What is the hundreds digit of 1770584?
5
What is the tens digit of 990761?
6
What is the units digit of 5343725?
5
What is the units digit of 116119?
9
What is the hundred thousands digit of 2957367?
9
What is the ten thousands digit of 2976214?
7
What is the tens digit of 49916?
1
What is the ten thousands digit of 69457?
6
What is the ten millions digit of 21603480?
2
What is the ten thousands digit of 8238961?
3
What is the hundred thousands digit of 591774?
5
What is the ten thousands digit of 97820?
9
What is the millions digit of 4618592?
4
What is the hundred thousands digit of 156837?
1
What is the thousands digit of 150295?
0
What is the ten thousands digit of 214536?
1
What is the units digit of 146592?
2
What is the ten millions digit of 11303945?
1
What is the tens digit of 2411067?
6
What is the units digit of 47328?
8
What is the hundred thousands digit of 124266?
1
What is the units digit of 4197916?
6
What is the tens digit of 1471567?
6
What is the ten thousands digit of 3255492?
5
What is the tens digit of 451487?
8
What is the units digit of 13038672?
2
What is the ten thousands digit of 1670250?
7
What is the hundreds digit of 3313576?
5
What is the hundred thousands digit of 965488?
9
What is the ten thousands digit of 218199?
1
What is the units digit of 166228?
8
What is the thousands digit of 13605902?
5
What is the hundreds digit of 5329038?
0
What is the ten thousands digit of 190211?
9
What is the hundred thousands digit of 1935125?
9
What is the hundred thousands digit of 755420?
7
What is the units digit of 3551372?
2
What is the thousands digit of 156913?
6
What is the hundreds digit of 183513?
5
What is the ten thousands digit of 1737109?
3
What is the tens digit of 151753?
5
What is the thousands digit of 23772229?
2
What is the millions digit of 15891009?
5
What is the units digit of 63222?
2
What is the units digit of 745901?
1
What is the ten thousands digit of 15732277?
3
What is the thousands digit of 12219013?
9
What is the hundreds digit of 12039608?
6
What is the units digit of 234212?
2
What is the millions digit of 5042620?
5
What is the units digit of 527939?
9
What is the thousands digit of 3336627?
6
What is the ten thousands digit of 426847?
2
What is the units digit of 590077?
7
What is the millions digit of 4648741?
4
What is the tens digit of 719279?
7
What is the ten thousands digit of 2474065?
7
What is the tens digit of 7950233?
3
What is the hundred thousands digit of 247375?
2
What is the ten thousands digit of 127792?
2
What is the thousands digit of 188824?
8
What is the hundred thousands digit of 1896483?
8
What is the tens digit of 170945?
4
What is the ten thousands digit of 3194523?
9
What is the tens digit of 521339?
3
What is the thousands digit of 2635216?
5
What is the units digit of 3308252?
2
What is the hundreds digit of 2154089?
0
What is the hundred thousands digit of 724422?
7
What is the hundreds digit of 312821?
8
What is the hundred thousands digit of 1369195?
3
What is the tens digit of 29820112?
1
What is the thousands digit of 205664?
5
What is the units digit of 4474174?
4
What is the units digit of 19363641?
1
What is the hundred thousands digit of 5101200?
1
What is the units digit of 4985304?
4
What is the ten thousands digit of 1228993?
2
What is the millions digit of 7376904?
7
What is the hundred thousands digit of 6592284?
5
What is the tens digit of 1629607?
0
What is the units digit of 432280?
0
What is the millions digit of 5574694?
5
What is the hundred thousands digit of 1883944?
8
What is the ten thousands digit of 18458054?
5
What is the tens digit of 2078722?
2
What is the thousands digit of 193551?
3
What is the hundred thousands digit of 26665587?
6
What is the millions digit of 1811974?
1
What is the units digit of 23324?
4
What is the units digit of 11090553?
3
What is the hundreds digit of 361717?
7
What is the thousands digit of 315103?
5
What is the thousands digit of 115726?
5
What is the millions digit of 4541755?
4
What is the thousands digit of 706883?
6
What is the thousands digit of 748214?
8
What is the units digit of 4262648?
8
What is the units digit of 31322640?
0
What is the hundred thousands digit of 407144?
4
What is the thousands digit of 37397?
7
What is the units digit of 3727107?
7
What is the ten thousands digit of 14576?
1
What is the hundred thousands digit of 27709052?
7
What is the units digit of 9258922?
2
What is the hundred thousands digit of 1178563?
1
What is the hundreds digit of 207886?
8
What is the hundred thousands digit of 134485?
1
What is the ten thousands digit of 2039068?
3
What is the hundred thousands digit of 1241827?
2
What is the ten thousands digit of 444325?
4
What is the hundred thousands digit of 223802?
2
What is the ten millions digit of 21304127?
2
What is the hundred thousands digit of 202476?
2
What is the millions digit of 4174473?
4
What is the hundred thousands digit of 184893?
1
What is the thousands digit of 876380?
6
What is the ten thousands digit of 82641?
8
What is the millions digit of 16251760?
6
What is the ten thousands digit of 6250050?
5
What is the hundred thousands digit of 257997?
2
What is the hundred thousands digit of 523917?
5
What is the hundreds digit of 42436877?
8
What is the hundreds digit of 5572218?
2
What is the millions digit of 3212184?
3
What is the ten millions digit of 25492891?
2
What is the hundred thousands digit of 116035?
1
What is the hundreds digit of 734090?
0
What is the ten thousands digit of 4997973?
9
What is the millions digit of 11002092?
1
What is the thousands digit of 6266524?
6
What is the units digit of 787697?
7
What is the units digit of 287555?
5
What is the thousands digit of 752987?
2
What is the hundred thousands digit of 14824743?
8
What is the thousands digit of 3645334?
5
What is the ten thousands digit of 6362358?
6
What is the hundreds digit of 768662?
6
What is the hundred thousands digit of 100137?
1
What is the tens digit of 275605?
0
What is the thousands digit of 386270?
6
What is the hundreds digit of 2282417?
4
What is the tens digit of 67186?
8
What is the thousands digit of 187677?
7
What is the units digit of 508123?
3
What is the hundred thousands digit of 306467?
3
What is the hundreds digit of 6377809?
8
What is the hundreds digit of 26786071?
0
What is the thousands digit of 8702725?
2
What is the tens digit of 535728?
2
What is the ten thousands digit of 3382747?
8
What is the thousands digit of 341811?
1
What is the thousands digit of 9748623?
8
What is the units digit of 23800?
0
What is the thousands digit of 13416378?
6
What is the hundred thousands digit of 187011?
1
What is the hundreds digit of 54847?
8
What is the thousands digit of 3388599?
8
What is the hundred thousands digit of 10047994?
0
What is the units digit of 3763167?
7
What is the thousands digit of 2587587?
7
What is the hundreds digit of 1094347?
3
What is the units digit of 3713021?
1
What is the hundred thousands digit of 23041219?
0
What is the ten thousands digit of 414051?
1
What is the hundred thousands digit of 310850?
3
What is the ten thousands digit of 465938?
6
What is the hundred thousands digit of 1720287?
7
What is the hundreds digit of 271058?
0
What is the tens digit of 151922?
2
What is the thousands digit of 333063?
3
What is the tens digit of 491001?
0
What is the units digit of 325333?
3
What is the hundreds digit of 3314724?
7
What is the hundred thousands digit of 4147446?
1
What is the hundreds digit of 663415?
4
What is the tens digit of 1299758?
5
What is the thousands digit of 276391?
6
What is the thousands digit of 564695?
4
What is the ten thousands digit of 1134452?
3
What is the thousands digit of 1190899?
0
What is the hundred thousands digit of 768894?
7
What is the hundreds digit of 683337?
3
What is the hundred thousands digit of 481310?
4
What is the ten thousands digit of 550929?
5
What is the hundred thousands digit of 1105699?
1
What is the tens digit of 1225953?
5
What is the thousands digit of 45570?
5
What is the thous